{"id":64,"date":"2025-07-01T17:39:57","date_gmt":"2025-07-01T17:39:57","guid":{"rendered":"https:\/\/www.montauban-docteur-it.com\/?page_id=64"},"modified":"2025-09-13T09:48:28","modified_gmt":"2025-09-13T09:48:28","slug":"prix-liste-reparation-telephonie","status":"publish","type":"page","link":"https:\/\/www.montauban-docteur-it.com\/index.php\/prix-liste-reparation-telephonie\/","title":{"rendered":"Prix Liste r\u00e9paration T\u00e9l\u00e9phonie"},"content":{"rendered":"\n<p><strong>Apple<\/strong><\/p>\n\n\n\n<figure class=\"wp-block-table\"><table class=\"has-fixed-layout\"><tbody><tr><td>Iphone X<\/td><td>Milieu de gamme (Incell FHD)<\/td><td>119,00 \u20ac<\/td><\/tr><tr><td>Iphone X<\/td><td>Premium (Soft Oled)<\/td><td>149,00 \u20ac<\/td><\/tr><tr><td>Iphone XS<\/td><td>Milieu de gamme (Incell FHD)<\/td><td>119,00 \u20ac<\/td><\/tr><tr><td>Iphone XS<\/td><td>Premium (Soft Oled)<\/td><td>149,00 \u20ac<\/td><\/tr><tr><td>Iphone XS MAX<\/td><td>Compatible<\/td><td>129,00 \u20ac<\/td><\/tr><tr><td>Iphone XS MAX<\/td><td>Premium<\/td><td>149,00 \u20ac<\/td><\/tr><tr><td>Iphone XR<\/td><td>Milieu de gamme (Incell FHD)<\/td><td>119,00 \u20ac<\/td><\/tr><tr><td>Iphone XR<\/td><td>Premium (Recon)<\/td><td>139,00 \u20ac<\/td><\/tr><tr><td>Iphone 11<\/td><td>Compatible<\/td><td>119,00 \u20ac<\/td><\/tr><tr><td>Iphone 11<\/td><td>Premium<\/td><td>139,00 \u20ac<\/td><\/tr><tr><td>Iphone 11 Pro<\/td><td>Compatible<\/td><td>129,00 \u20ac<\/td><\/tr><tr><td>Iphone 11 Pro<\/td><td>Premium<\/td><td>179,00 \u20ac<\/td><\/tr><tr><td>Iphone 11 Pro Max<\/td><td>Compatible<\/td><td>139,00 \u20ac<\/td><\/tr><tr><td>Iphone 11 Pro Max<\/td><td>Premium<\/td><td>179,00 \u20ac<\/td><\/tr><tr><td>Iphone 12<\/td><td>Compatible<\/td><td>139,00 \u20ac<\/td><\/tr><tr><td>Iphone 12<\/td><td>Premium<\/td><td>179,00 \u20ac<\/td><\/tr><tr><td>Iphone 12 Mini<\/td><td>Compatible<\/td><td>149,00 \u20ac<\/td><\/tr><tr><td>Iphone 12 Mini<\/td><td>Premium<\/td><td>189,00 \u20ac<\/td><\/tr><tr><td>Iphone 12 Pro<\/td><td>Compatible<\/td><td>139,00 \u20ac<\/td><\/tr><tr><td>Iphone 12 Pro<\/td><td>Premium<\/td><td>179,00 \u20ac<\/td><\/tr><tr><td>Iphone 12 Pro Max<\/td><td>Compatible<\/td><td>149,00 \u20ac<\/td><\/tr><tr><td>Iphone 12 Pro Max<\/td><td>Premium<\/td><td>199,00 \u20ac<\/td><\/tr><tr><td>Iphone 13<\/td><td>Compatible<\/td><td>159,00 \u20ac<\/td><\/tr><tr><td>Iphone 13<\/td><td>Premium<\/td><td>209,00 \u20ac<\/td><\/tr><tr><td>Iphone 13 Mini<\/td><td>Compatible<\/td><td>159,00 \u20ac<\/td><\/tr><tr><td>Iphone 13 Mini<\/td><td>Premium<\/td><td>209,00 \u20ac<\/td><\/tr><tr><td>Iphone 13 Pro<\/td><td>Compatible<\/td><td>169,00 \u20ac<\/td><\/tr><tr><td>Iphone 13 Pro<\/td><td>Premium<\/td><td>229,00 \u20ac<\/td><\/tr><tr><td>Iphone 13 Pro Max<\/td><td>Compatible<\/td><td>169,00 \u20ac<\/td><\/tr><tr><td>Iphone 13 Pro Max<\/td><td>Premium<\/td><td>229,00 \u20ac<\/td><\/tr><tr><td>Iphone 14<\/td><td>Compatible<\/td><td>159,00 \u20ac<\/td><\/tr><tr><td>Iphone 14<\/td><td>Premium<\/td><td>209,00 \u20ac<\/td><\/tr><tr><td>Iphone 14 +<\/td><td>Compatible<\/td><td>159,00 \u20ac<\/td><\/tr><tr><td>Iphone 14 +<\/td><td>Premium<\/td><td>209,00 \u20ac<\/td><\/tr><tr><td>Iphone 14 Pro<\/td><td>Compatible<\/td><td>179,00 \u20ac<\/td><\/tr><tr><td>Iphone 14 Pro<\/td><td>Premium<\/td><td>259,00 \u20ac<\/td><\/tr><tr><td>Iphone 14 Pro Max<\/td><td>Compatible<\/td><td>199,00 \u20ac<\/td><\/tr><tr><td>Iphone 14 Pro Max<\/td><td>Premium<\/td><td>309,00 \u20ac<\/td><\/tr><tr><td>Iphone 15<\/td><td>Compatible<\/td><td>179,00 \u20ac<\/td><\/tr><tr><td>Iphone 15<\/td><td>Premium<\/td><td>229,00 \u20ac<\/td><\/tr><tr><td>Iphone 15 Plus<\/td><td>Compatible<\/td><td>179,00 \u20ac<\/td><\/tr><tr><td>Iphone 15 Plus<\/td><td>Premium<\/td><td>279,00 \u20ac<\/td><\/tr><tr><td>Iphone 15 Pro<\/td><td>Compatible<\/td><td>199,00 \u20ac<\/td><\/tr><tr><td>Iphone 15 Pro<\/td><td>Premium<\/td><td>279,00 \u20ac<\/td><\/tr><tr><td>Iphone 15 Pro Max<\/td><td>Compatible<\/td><td>219,00 \u20ac<\/td><\/tr><tr><td>Iphone 15 Pro Max<\/td><td>Premium<\/td><td>329,00 \u20ac<\/td><\/tr><\/tbody><\/table><\/figure>\n\n\n\n<p>Samsung<\/p>\n\n\n\n<figure class=\"wp-block-table\"><table class=\"has-fixed-layout\"><tbody><tr><td>Galaxy A02S<\/td><td>Officiel<\/td><td>109,00 \u20ac<\/td><\/tr><tr><td>Galaxy A03S<\/td><td>Officiel<\/td><td>109,00 \u20ac<\/td><\/tr><tr><td>Galaxy A04S<\/td><td>Officiel<\/td><td>99,00 \u20ac<\/td><\/tr><tr><td>A05S<\/td><td>Officiel<\/td><td>99,00 \u20ac<\/td><\/tr><tr><td>A10<\/td><td>Officiel<\/td><td>109,00 \u20ac<\/td><\/tr><tr><td>A12<\/td><td>Officiel<\/td><td>109,00 \u20ac<\/td><\/tr><tr><td>A12S (A127)<\/td><td>Officiel<\/td><td>109,00 \u20ac<\/td><\/tr><tr><td>A13 (A135)<\/td><td>Officiel<\/td><td>119,00 \u20ac<\/td><\/tr><tr><td>A13 (A137)<\/td><td>Officiel<\/td><td>119,00 \u20ac<\/td><\/tr><tr><td>A13 5G (A136)<\/td><td>Officiel<\/td><td>109,00 \u20ac<\/td><\/tr><tr><td>A14 4G (A145)<\/td><td>Officiel<\/td><td>119,00 \u20ac<\/td><\/tr><tr><td>A14 5G (A146)<\/td><td>Officiel<\/td><td>119,00 \u20ac<\/td><\/tr><tr><td>A15 4G\/5G (A155\/A156)<\/td><td>Officiel<\/td><td>139,00 \u20ac<\/td><\/tr><tr><td>A16 (A165)<\/td><td>Officiel<\/td><td>119,00 \u20ac<\/td><\/tr><tr><td>A20e (A202F)<\/td><td>Officiel<\/td><td>109,00 \u20ac<\/td><\/tr><tr><td>A20S (A207F)<\/td><td>Officiel<\/td><td>119,00 \u20ac<\/td><\/tr><tr><td>A21S (A217F)<\/td><td>Officiel<\/td><td>119,00 \u20ac<\/td><\/tr><tr><td>A22 4G (A225F)<\/td><td>Officiel<\/td><td>119,00 \u20ac<\/td><\/tr><tr><td>A22 5G (A226F)<\/td><td>Officiel<\/td><td>129,00 \u20ac<\/td><\/tr><tr><td>A23 4G (A235F)<\/td><td>Officiel<\/td><td>119,00 \u20ac<\/td><\/tr><tr><td>A23 5G (A236F)<\/td><td>Officiel<\/td><td>129,00 \u20ac<\/td><\/tr><tr><td>A24 4G (A245)<\/td><td>Officiel<\/td><td>119,00 \u20ac<\/td><\/tr><tr><td>A25 5G (A256)<\/td><td>Officiel<\/td><td>129,00 \u20ac<\/td><\/tr><tr><td>A30S (A307)<\/td><td>Officiel<\/td><td>119,00 \u20ac<\/td><\/tr><tr><td>A31 (A315)<\/td><td>Officiel<\/td><td>139,00 \u20ac<\/td><\/tr><tr><td>A32 4G (A325)<\/td><td>Officiel<\/td><td>139,00 \u20ac<\/td><\/tr><tr><td>A32 5G (A326)<\/td><td>Officiel<\/td><td>139,00 \u20ac<\/td><\/tr><tr><td>A33 5G (A336)<\/td><td>Officiel<\/td><td>159,00 \u20ac<\/td><\/tr><tr><td>A34 5G (A346)<\/td><td>Officiel<\/td><td>139,00 \u20ac<\/td><\/tr><tr><td>A35 5G (A356)<\/td><td>Officiel<\/td><td>169,00 \u20ac<\/td><\/tr><tr><td>A40 (A405)<\/td><td>Officiel<\/td><td>129,00 \u20ac<\/td><\/tr><tr><td>A41 (A415)<\/td><td>Officiel<\/td><td>129,00 \u20ac<\/td><\/tr><tr><td>A42 5G (A426)<\/td><td>Officiel<\/td><td>149,00 \u20ac<\/td><\/tr><tr><td>A50 (A505)<\/td><td>Officiel<\/td><td>139,00 \u20ac<\/td><\/tr><tr><td>A50S (A507)<\/td><td>Officiel<\/td><td>139,00 \u20ac<\/td><\/tr><tr><td>A51 (A515)<\/td><td>Officiel<\/td><td>139,00 \u20ac<\/td><\/tr><tr><td>A51 5G (A516)<\/td><td>Officiel<\/td><td>169,00 \u20ac<\/td><\/tr><tr><td>A52 4G\/5G<\/td><td>Officiel<\/td><td>179,00 \u20ac<\/td><\/tr><tr><td>A52S 5G (A528)<\/td><td>Officiel<\/td><td>159,00 \u20ac<\/td><\/tr><tr><td>A53 5G (A536)<\/td><td>Officiel<\/td><td>169,00 \u20ac<\/td><\/tr><tr><td>A54 5G (A546)<\/td><td>Officiel<\/td><td>149,00 \u20ac<\/td><\/tr><tr><td>A55 5G (A556)<\/td><td>Officiel<\/td><td>179,00 \u20ac<\/td><\/tr><tr><td>A70 (A705)<\/td><td>Officiel<\/td><td>179,00 \u20ac<\/td><\/tr><tr><td>A71 (A715)<\/td><td>Officiel<\/td><td>159,00 \u20ac<\/td><\/tr><tr><td>A72 (A725)<\/td><td>Officiel<\/td><td>179,00 \u20ac<\/td><\/tr><tr><td>A80 (A805)<\/td><td>Officiel<\/td><td>189,00 \u20ac<\/td><\/tr><\/tbody><\/table><\/figure>\n\n\n\n<figure class=\"wp-block-table\"><table class=\"has-fixed-layout\"><tbody><tr><td>S20 (G980\/G981)<\/td><td>Officiel<\/td><td>259,00 \u20ac<\/td><\/tr><tr><td>S20+ (G985\/G986)<\/td><td>Officiel<\/td><td>289,00 \u20ac<\/td><\/tr><tr><td>S20 Ultra (G988)<\/td><td>Officiel<\/td><td>329,00 \u20ac<\/td><\/tr><tr><td>S20 FE (G780)<\/td><td>Officiel<\/td><td>169,00 \u20ac<\/td><\/tr><tr><td>S20 FE 5G (G781)<\/td><td>Officiel<\/td><td>169,00 \u20ac<\/td><\/tr><tr><td>S21 5G (G991)<\/td><td>Officiel<\/td><td>259,00 \u20ac<\/td><\/tr><tr><td>S21+ (G996)<\/td><td>Officiel<\/td><td>289,00 \u20ac<\/td><\/tr><tr><td>S21 Ultra (G998)<\/td><td>Officiel<\/td><td>339,00 \u20ac<\/td><\/tr><tr><td>S21 FE (G990)<\/td><td>Officiel<\/td><td>199,00 \u20ac<\/td><\/tr><tr><td>S22 (S901)<\/td><td>Officiel<\/td><td>289,00 \u20ac<\/td><\/tr><tr><td>S22+ (S906)<\/td><td>Officiel<\/td><td>309,00 \u20ac<\/td><\/tr><tr><td>S22 Ultra (S908)<\/td><td>Officiel<\/td><td>359,00 \u20ac<\/td><\/tr><tr><td>S23 (S911)<\/td><td>Officiel<\/td><td>259,00 \u20ac<\/td><\/tr><tr><td>S23+ (S916)<\/td><td>Officiel<\/td><td>279,00 \u20ac<\/td><\/tr><tr><td>S23 Ultra (S918)<\/td><td>Officiel<\/td><td>459,00 \u20ac<\/td><\/tr><tr><td>S24<\/td><td>Officiel<\/td><td>309,00 \u20ac<\/td><\/tr><tr><td>S24 +<\/td><td>Officiel<\/td><td>359,00 \u20ac<\/td><\/tr><tr><td>S24 ultra<\/td><td>Officiel<\/td><td>459,00 \u20ac<\/td><\/tr><tr><td>S10<\/td><td>Officiel<\/td><td>259,00 \u20ac<\/td><\/tr><tr><td>S10 5G<\/td><td>Officiel<\/td><td>289,00 \u20ac<\/td><\/tr><tr><td>S10 Lite<\/td><td>Officiel<\/td><td>229,00 \u20ac<\/td><\/tr><tr><td>S10E<\/td><td>Officiel<\/td><td>229,00 \u20ac<\/td><\/tr><tr><td>S10+<\/td><td>Officiel<\/td><td>309,00 \u20ac<\/td><\/tr><\/tbody><\/table><\/figure>\n","protected":false},"excerpt":{"rendered":"<p>Apple Iphone X Milieu de gamme (Incell FHD) 119,00 \u20ac Iphone X Premium (Soft Oled) 149,00 \u20ac Iphone XS Milieu de gamme (Incell FHD) 119,00 \u20ac Iphone XS Premium (Soft Oled) 149,00 \u20ac Iphone XS MAX Compatible 129,00 \u20ac Iphone XS MAX Premium 149,00 \u20ac Iphone XR Milieu de gamme (Incell FHD) 119,00 \u20ac Iphone [&hellip;]<\/p>\n","protected":false},"author":1,"featured_media":0,"parent":0,"menu_order":1,"comment_status":"closed","ping_status":"closed","template":"","meta":{"_seopress_robots_primary_cat":"","_seopress_titles_title":"","_seopress_titles_desc":"","_seopress_robots_index":"","footnotes":""},"class_list":["post-64","page","type-page","status-publish","hentry"],"_links":{"self":[{"href":"https:\/\/www.montauban-docteur-it.com\/index.php\/wp-json\/wp\/v2\/pages\/64","targetHints":{"allow":["GET"]}}],"collection":[{"href":"https:\/\/www.montauban-docteur-it.com\/index.php\/wp-json\/wp\/v2\/pages"}],"about":[{"href":"https:\/\/www.montauban-docteur-it.com\/index.php\/wp-json\/wp\/v2\/types\/page"}],"author":[{"embeddable":true,"href":"https:\/\/www.montauban-docteur-it.com\/index.php\/wp-json\/wp\/v2\/users\/1"}],"replies":[{"embeddable":true,"href":"https:\/\/www.montauban-docteur-it.com\/index.php\/wp-json\/wp\/v2\/comments?post=64"}],"version-history":[{"count":4,"href":"https:\/\/www.montauban-docteur-it.com\/index.php\/wp-json\/wp\/v2\/pages\/64\/revisions"}],"predecessor-version":[{"id":109,"href":"https:\/\/www.montauban-docteur-it.com\/index.php\/wp-json\/wp\/v2\/pages\/64\/revisions\/109"}],"wp:attachment":[{"href":"https:\/\/www.montauban-docteur-it.com\/index.php\/wp-json\/wp\/v2\/media?parent=64"}],"curies":[{"name":"wp","href":"https:\/\/api.w.org\/{rel}","templated":true}]}}