{"id":36,"date":"2025-07-01T12:00:59","date_gmt":"2025-07-01T12:00:59","guid":{"rendered":"https:\/\/www.montauban-docteur-it.com\/?page_id=36"},"modified":"2025-09-13T08:56:38","modified_gmt":"2025-09-13T08:56:38","slug":"reparation-high-tech","status":"publish","type":"page","link":"https:\/\/www.montauban-docteur-it.com\/","title":{"rendered":"Acceuil"},"content":{"rendered":"\n<div class=\"wp-block-cover has-custom-content-position is-position-top-center\" style=\"min-height:458px;aspect-ratio:unset;\"><img alt=\"\" loading=\"lazy\" decoding=\"async\" width=\"1024\" height=\"570\" class=\"wp-block-cover__image-background wp-image-19 size-large\" alt=\"\" src=\"https:\/\/www.montauban-docteur-it.com\/wp-content\/uploads\/2025\/06\/Page-garde-1024x570.jpg\" style=\"object-position:0% 50%\" data-object-fit=\"cover\" data-object-position=\"0% 50%\"\/><span aria-hidden=\"true\" class=\"wp-block-cover__background has-background-dim-0 has-background-dim\" style=\"background-color:#666c73\"><\/span><div class=\"wp-block-cover__inner-container is-layout-flow wp-block-cover-is-layout-flow\">\n<div style=\"height:var(--wp--preset--spacing--20)\" aria-hidden=\"true\" class=\"wp-block-spacer\"><\/div>\n<\/div><\/div>\n\n\n\n<div class=\"wp-block-group alignfull\" style=\"margin-top:0;margin-bottom:0\"><div class=\"wp-block-group__inner-container is-layout-constrained wp-block-group-is-layout-constrained\">\n<div class=\"wp-block-columns alignfull is-layout-flex wp-container-core-columns-is-layout-3058809c wp-block-columns-is-layout-flex\">\n<div class=\"wp-block-column is-vertically-aligned-center is-layout-flow wp-block-column-is-layout-flow\" style=\"padding-top:var(--wp--preset--spacing--60);padding-right:var(--wp--preset--spacing--60);padding-bottom:var(--wp--preset--spacing--60);padding-left:var(--wp--preset--spacing--60)\">\n<h2 class=\"wp-block-heading has-xx-large-font-size\">Docteur It Montauban<\/h2>\n\n\n\n<p class=\"has-small-font-size\">445 route du Nord, Centre Commercial Leclerc Aussonne<\/p>\n\n\n\n<p class=\"has-small-font-size\">82000 Montauban<\/p>\n\n\n\n<p>T\u00e9l\u00e9phone : 05 63 21 96 92<\/p>\n\n\n\n<p class=\"has-small-font-size\">email : montauban.aussonne.docteurit@gmail.com<\/p>\n\n\n\n<p class=\"has-small-font-size\">Ouvert du Lundi au Samedi de 09:30 \u00e0 19:30.<\/p>\n<\/div>\n\n\n\n<div class=\"wp-block-column is-layout-flow wp-block-column-is-layout-flow\" style=\"flex-basis:55%\"><\/div>\n<\/div>\n<\/div><\/div>\n\n\n\n<div class=\"wp-block-group alignfull\" style=\"margin-top:0;margin-bottom:0;padding-top:var(--wp--preset--spacing--50);padding-bottom:var(--wp--preset--spacing--50)\"><div class=\"wp-block-group__inner-container is-layout-constrained wp-block-group-is-layout-constrained\">\n<div class=\"wp-block-columns alignwide is-layout-flex wp-container-core-columns-is-layout-6b2998fd wp-block-columns-is-layout-flex\">\n<div class=\"wp-block-column is-vertically-aligned-center is-layout-flow wp-block-column-is-layout-flow\">\n<h2 class=\"wp-block-heading has-xx-large-font-size\">A propos de Docteur IT Montauban<\/h2>\n\n\n\n<p class=\"has-medium-font-size\">Docteur IT Montauban vous propose son expertise et son savoir faire dans la r\u00e9paration High-Tech depuis 2015. Sans cesse \u00e0 la pointe de la technologie, nos experts vous apportent les conseils techniques et r\u00e9parent avec soins vos produits.<\/p>\n\n\n\n<p>Docteur IT c&rsquo;est 6000 prestations par an avec des pi\u00e8ces d\u00e9tach\u00e9es  et accessoires s\u00e9lectionn\u00e9es avec soins.<\/p>\n\n\n\n<p>Nous sommes fiers de vous annoncer que nous avons obtenu le label QUALIREPAR .<\/p>\n\n\n\n<p>Le Bonus R\u00e9paration est de -25\u20ac sur t\u00e9l\u00e9phone, -50\u20ac sur les ordinateurs d\u00e8s 150\u20ac de r\u00e9paration, -25\u20ac sur les tablettes et -20\u20ac sur les consoles de jeux. Voir conditions en magasin.<\/p>\n\n\n\n<p><img alt=\"\" loading=\"lazy\" decoding=\"async\" width=\"600\" height=\"127\" class=\"wp-image-40\" style=\"width: 600px;\" src=\"http:\/\/www.montauban-docteur-it.com\/wp-content\/uploads\/2025\/07\/Bannie\u2560Cre-QualiRe\u2560upar_72.png\" alt=\"\" srcset=\"https:\/\/www.montauban-docteur-it.com\/wp-content\/uploads\/2025\/07\/Bannie\u2560Cre-QualiRe\u2560upar_72.png 425w, https:\/\/www.montauban-docteur-it.com\/wp-content\/uploads\/2025\/07\/Bannie\u2560Cre-QualiRe\u2560upar_72-300x64.png 300w\" sizes=\"auto, (max-width: 600px) 100vw, 600px\" \/><\/p>\n<\/div>\n\n\n\n<div class=\"wp-block-column is-vertically-aligned-center is-layout-flow wp-block-column-is-layout-flow\">\n<figure class=\"wp-block-image size-full\"><img alt=\"\" loading=\"lazy\" decoding=\"async\" width=\"1841\" height=\"828\" src=\"https:\/\/www.montauban-docteur-it.com\/wp-content\/uploads\/2025\/07\/Aussonne3.jpg\" alt=\"\" class=\"wp-image-39\" style=\"aspect-ratio:1;object-fit:cover\" srcset=\"https:\/\/www.montauban-docteur-it.com\/wp-content\/uploads\/2025\/07\/Aussonne3.jpg 1841w, https:\/\/www.montauban-docteur-it.com\/wp-content\/uploads\/2025\/07\/Aussonne3-300x135.jpg 300w, https:\/\/www.montauban-docteur-it.com\/wp-content\/uploads\/2025\/07\/Aussonne3-1024x461.jpg 1024w, https:\/\/www.montauban-docteur-it.com\/wp-content\/uploads\/2025\/07\/Aussonne3-768x345.jpg 768w, https:\/\/www.montauban-docteur-it.com\/wp-content\/uploads\/2025\/07\/Aussonne3-1536x691.jpg 1536w, https:\/\/www.montauban-docteur-it.com\/wp-content\/uploads\/2025\/07\/Aussonne3-600x270.jpg 600w\" sizes=\"auto, (max-width: 1841px) 100vw, 1841px\" \/><\/figure>\n<\/div>\n<\/div>\n<\/div><\/div>\n\n\n\n<div class=\"wp-block-group alignfull is-style-default\" style=\"margin-top:0;margin-bottom:0;padding-top:var(--wp--preset--spacing--60);padding-bottom:var(--wp--preset--spacing--60)\"><div class=\"wp-block-group__inner-container is-layout-constrained wp-block-group-is-layout-constrained\">\n<div class=\"wp-block-columns alignwide is-layout-flex wp-container-core-columns-is-layout-289223cd wp-block-columns-is-layout-flex\">\n<div class=\"wp-block-column is-layout-flow wp-block-column-is-layout-flow\" style=\"flex-basis:60%\">\n<div class=\"wp-block-group is-vertical is-layout-flex wp-container-core-group-is-layout-4b8f42e2 wp-block-group-is-layout-flex\" style=\"padding-bottom:var(--wp--preset--spacing--30)\">\n<p class=\"has-medium-font-size\"><\/p>\n<\/div>\n<\/div>\n<\/div>\n<\/div><\/div>\n\n\n\n<div class=\"wp-block-group alignfull\" style=\"margin-top:0;margin-bottom:0\"><div class=\"wp-block-group__inner-container is-layout-constrained wp-block-group-is-layout-constrained\"><\/div><\/div>\n\n\n\n<p><\/p>\n","protected":false},"excerpt":{"rendered":"<p>Docteur It Montauban 445 route du Nord, Centre Commercial Leclerc Aussonne 82000 Montauban T\u00e9l\u00e9phone : 05 63 21 96 92 email : montauban.aussonne.docteurit@gmail.com Ouvert du Lundi au Samedi de 09:30 \u00e0 19:30. A propos de Docteur IT Montauban Docteur IT Montauban vous propose son expertise et son savoir faire dans la r\u00e9paration High-Tech depuis 2015. [&hellip;]<\/p>\n","protected":false},"author":1,"featured_media":0,"parent":0,"menu_order":0,"comment_status":"closed","ping_status":"closed","template":"","meta":{"_seopress_robots_primary_cat":"","_seopress_titles_title":"Docteur IT Montauban","_seopress_titles_desc":"","_seopress_robots_index":"","footnotes":""},"class_list":["post-36","page","type-page","status-publish","hentry"],"_links":{"self":[{"href":"https:\/\/www.montauban-docteur-it.com\/index.php\/wp-json\/wp\/v2\/pages\/36","targetHints":{"allow":["GET"]}}],"collection":[{"href":"https:\/\/www.montauban-docteur-it.com\/index.php\/wp-json\/wp\/v2\/pages"}],"about":[{"href":"https:\/\/www.montauban-docteur-it.com\/index.php\/wp-json\/wp\/v2\/types\/page"}],"author":[{"embeddable":true,"href":"https:\/\/www.montauban-docteur-it.com\/index.php\/wp-json\/wp\/v2\/users\/1"}],"replies":[{"embeddable":true,"href":"https:\/\/www.montauban-docteur-it.com\/index.php\/wp-json\/wp\/v2\/comments?post=36"}],"version-history":[{"count":13,"href":"https:\/\/www.montauban-docteur-it.com\/index.php\/wp-json\/wp\/v2\/pages\/36\/revisions"}],"predecessor-version":[{"id":107,"href":"https:\/\/www.montauban-docteur-it.com\/index.php\/wp-json\/wp\/v2\/pages\/36\/revisions\/107"}],"wp:attachment":[{"href":"https:\/\/www.montauban-docteur-it.com\/index.php\/wp-json\/wp\/v2\/media?parent=36"}],"curies":[{"name":"wp","href":"https:\/\/api.w.org\/{rel}","templated":true}]}}